r of 21 and 917.
7
Calculate the greatest common factor of 352 and 608.
32
Calculate the highest common divisor of 27 and 2232.
9
What is the greatest common factor of 37 and 3959?
37
Calculate the greatest common factor of 42 and 147.
21
What is the highest common divisor of 243 and 288?
9
Calculate the highest common factor of 2 and 2184.
2
What is the highest common factor of 4 and 446?
2
Calculate the greatest common divisor of 4422 and 66.
66
Calculate the greatest common divisor of 57 and 57.
57
Calculate the greatest common factor of 231 and 2352.
21
What is the greatest common factor of 51 and 68?
17
Calculate the highest common factor of 3435 and 15.
15
What is the highest common factor of 336 and 7182?
42
Calculate the highest common divisor of 200 and 350.
50
Calculate the highest common divisor of 43 and 860.
43
What is the greatest common factor of 4266 and 9?
9
Calculate the highest common divisor of 279 and 27.
9
Calculate the greatest common divisor of 21 and 84.
21
Calculate the highest common divisor of 26 and 26.
26
What is the highest common divisor of 100 and 9700?
100
Calculate the greatest common factor of 1824 and 480.
96
What is the highest common factor of 352 and 11?
11
What is the highest common divisor of 358 and 6?
2
What is the highest common factor of 132 and 66?
66
What is the greatest common factor of 4 and 19?
1
Calculate the greatest common divisor of 3104 and 3298.
194
Calculate the greatest common divisor of 1895 and 5.
5
What is the greatest common divisor of 50 and 30?
10
What is the highest common factor of 18918 and 36?
18
What is the highest common factor of 1924 and 52?
52
Calculate the greatest common factor of 21 and 381.
3
Calculate the greatest common divisor of 216 and 27.
27
Calculate the highest common divisor of 32 and 56.
8
What is the highest common divisor of 369 and 697?
41
What is the greatest common factor of 1755 and 1980?
45
What is the highest common factor of 90 and 30?
30
Calculate the highest common divisor of 1147 and 37.
37
What is the highest common factor of 147 and 245?
49
Calculate the greatest common divisor of 4 and 320.
4
What is the greatest common factor of 320 and 35040?
160
What is the highest common divisor of 10 and 20?
10
What is the greatest common factor of 66 and 16203?
33
What is the greatest common divisor of 126 and 2394?
126
What is the greatest common divisor of 3740 and 40?
20
Calculate the highest common divisor of 1312 and 32.
32
Calculate the greatest common divisor of 4226 and 2.
2
What is the greatest common factor of 388 and 100?
4
Calculate the greatest common divisor of 512 and 1568.
32
Calculate the greatest common factor of 153 and 603.
9
Calculate the highest common factor of 1846 and 260.
26
Calculate the highest common divisor of 477 and 18.
9
What is the greatest common divisor of 4 and 2112?
4
What is the highest common divisor of 50 and 17650?
50
What is the highest common divisor of 1965 and 45?
15
Calculate the highest common divisor of 86610 and 30.
30
Calculate the greatest common divisor of 140 and 308.
28
What is the greatest common factor of 135 and 10?
5
Calculate the highest common factor of 81 and 216.
27
What is the greatest common divisor of 207 and 18?
9
What is the greatest common divisor of 3774 and 1632?
102
Calculate the greatest common factor of 24 and 1280.
8
What is the greatest common divisor of 220 and 50?
10
Calculate the greatest common factor of 56 and 24402.
14
Calculate the highest common divisor of 980 and 15.
5
What is the highest common divisor of 1536 and 80?
16
Calculate the greatest common factor of 21 and 77.
7
Calculate the highest common factor of 22 and 3597.
11
What is the greatest common divisor of 9 and 201?
3
What is the greatest common factor of 403 and 637?
13
What is the highest common divisor of 1702 and 74?
74
Calculate the greatest common divisor of 16064 and 251.
251
Calculate the highest common divisor of 216 and 27.
27
What is the greatest common factor of 12 and 204?
12
What is the greatest common divisor of 117 and 169?
13
What is the greatest common divisor of 28 and 4480?
28
Calculate the greatest common factor of 12 and 18.
6
What is the highest common divisor of 640 and 40?
40
Calculate the greatest common factor of 48 and 1648.
16
What is the highest common factor of 594 and 33?
33
Calculate the greatest common factor of 260 and 80.
20
Calculate the highest common factor of 128 and 112.
16
Calculate the highest common factor of 1250 and 150.
50
What is the highest common divisor of 671 and 55?
11
What is the greatest common factor of 72 and 24?
24
Calculate the highest common factor of 418 and 6061.
209
Calculate the highest common factor of 50 and 1150.
50
Calculate the highest common factor of 142 and 639.
71
Calculate the greatest common divisor of 148 and 37.
37
What is the greatest common divisor of 7356 and 12?
12
What is the highest common divisor of 91 and 322?
7
What is the highest common divisor of 22128 and 48?
48
What is the greatest common divisor of 1417 and 26?
13
What is the highest common divisor of 912 and 72?
24
Calculate the highest common divisor of 465 and 60.
15
What is the greatest common factor of 267 and 4984?
89
Calculate the highest common divisor of 36 and 2466.
18
What is the highest common factor of 112 and 20608?
112
Calculate the greatest common factor of 2028 and 12.
12
Calculate the highest common factor of 37 and 925.
37
What is the highest common divisor of 6 and 642?
6
What is the greatest common factor of 36 and 1458?
18
What is the highest common divisor of 47 and 423?
47
Calculate the highest common divisor of 416 and 26.
26
Calculate the greatest common divisor of 111 and 296.
37
Calculate the highest common divisor of 70 and 14.
14
Calculate the greatest common divisor of 64 and 18.
2
What is the highest common factor of 32850 and 54?
18
Calculate the greatest common divisor of 34 and 986.
34
Calculate the greatest common divisor of 75 and 1225.
25
Calculate the greatest common factor of 1003 and 17.
17
What is the highest common divisor of 48 and 16?
16
Calculate the greatest common factor of 864 and 54.
54
What is the greatest common divisor of 24 and 2868?
12
What is the highest common factor of 748 and 88?
44
What is the highest common factor of 36 and 1629?
9
Calculate the greatest common divisor of 2 and 392.
2
Calculate the highest common factor of 86 and 1462.
86
What is the highest common divisor of 54 and 72?
18
What is the greatest common factor of 24 and 1032?
24
Calculate the greatest common divisor of 76 and 1881.
19
Calculate the greatest common divisor of 472 and 1593.
59
Calculate the greatest common factor of 1680 and 1806.
42
Calculate the greatest common factor of 15 and 75.
15
What is the highest common factor of 3399 and 33?
33
Calculate the highest common divisor of 909 and 9.
9
Calculate the greatest common factor of 29 and 116.
29
What is the greatest common divisor of 84 and 3255?
21
What is the highest common factor of 143 and 77?
11
Calculate the greatest common divisor of 8159 and 1592.
199
What is the greatest common factor of 228 and 24?
12
Calculate the highest common factor of 12448 and 32.
32
What is the greatest common divisor of 130492 and 404?
404
Calculate the highest common divisor of 552 and 8763.
69
What is the greatest common divisor of 225 and 9?
9
Calculate the highest common divisor of 8 and 1172.
4
What is the greatest common divisor of 21 and 903?
21
Calculate the highest common divisor of 19 and 589.
19
What is the highest common divisor of 222 and 962?
74
What is the greatest common divisor of 45 and 315?
45
Calculate the highest common divisor of 354 and 6.
6
What is the greatest common divisor of 4 and 3480?
4
What is the highest common divisor of 348 and 8468?
116
Calculate the greatest common factor of 56 and 294.
14
What is the highest common factor of 170 and 119?
17
Calculate the greatest common factor of 297 and 132.
33
Calculate the highest common divisor of 72 and 1152.
72
What is the greatest common divisor of 54 and 306?
18
Calculate the greatest common divisor of 135 and 75.
15
Calculate the greatest common divisor of 232 and 87.
29
Calculate the greatest common divisor of 440